{"id":2,"date":"2024-02-18T14:17:22","date_gmt":"2024-02-18T13:17:22","guid":{"rendered":"http:\/\/juliemassage.ch\/?page_id=2"},"modified":"2024-02-18T20:36:12","modified_gmt":"2024-02-18T19:36:12","slug":"page-d-exemple","status":"publish","type":"page","link":"https:\/\/juliemassage.ch\/","title":{"rendered":"Accueil"},"content":{"rendered":"\n<h2 class=\"wp-block-heading has-luminous-vivid-amber-color has-text-color has-large-font-size\"><strong>Bienvenue<\/strong><\/h2>\n\n\n\n<p> <\/p>\n\n\n\n<p class=\"has-text-align-left\">Je vous accueille sur rendez-vous aux Eaux-vives pour vos s\u00e9ances de massages esth\u00e9tiques. Je vous propose des massages incontournables dans ce domaine : le drainage lymphatique br\u00e9silien Renata Franca, le remodelage ainsi que la Maderoth\u00e9rapie, massage \u00e0 l&rsquo;aide d&rsquo;ustensiles en bois.<\/p>\n\n\n\n<p class=\"has-text-align-center has-medium-font-size\"><em>Julie<\/em><\/p>\n\n\n\n<p><\/p>\n","protected":false},"excerpt":{"rendered":"<p>Bienvenue Je vous accueille sur rendez-vous aux Eaux-vives pour vos s\u00e9ances de massages esth\u00e9tiques. Je vous propose des massages incontournables dans ce domaine : le drainage lymphatique br\u00e9silien Renata Franca, le remodelage ainsi que la Maderoth\u00e9rapie, massage \u00e0 l&rsquo;aide d&rsquo;ustensiles en bois. Julie<\/p>\n","protected":false},"author":1,"featured_media":0,"parent":0,"menu_order":0,"comment_status":"closed","ping_status":"open","template":"","meta":{"footnotes":""},"class_list":["post-2","page","type-page","status-publish","hentry"],"yoast_head":"<!-- This site is optimized with the Yoast SEO plugin v22.0 - https:\/\/yoast.com\/wordpress\/plugins\/seo\/ -->\n<title>Accueil - JulieMassage<\/title>\n<meta name=\"robots\" content=\"index, follow, max-snippet:-1, max-image-preview:large, max-video-preview:-1\" \/>\n<link rel=\"canonical\" href=\"https:\/\/juliemassage.ch\/\" \/>\n<meta property=\"og:locale\" content=\"fr_FR\" \/>\n<meta property=\"og:type\" content=\"article\" \/>\n<meta property=\"og:title\" content=\"Accueil - JulieMassage\" \/>\n<meta property=\"og:description\" content=\"Bienvenue Je vous accueille sur rendez-vous aux Eaux-vives pour vos s\u00e9ances de massages esth\u00e9tiques. Je vous propose des massages incontournables dans ce domaine : le drainage lymphatique br\u00e9silien Renata Franca, le remodelage ainsi que la Maderoth\u00e9rapie, massage \u00e0 l&rsquo;aide d&rsquo;ustensiles en bois. Julie\" \/>\n<meta property=\"og:url\" content=\"https:\/\/juliemassage.ch\/\" \/>\n<meta property=\"og:site_name\" content=\"JulieMassage\" \/>\n<meta property=\"article:modified_time\" content=\"2024-02-18T19:36:12+00:00\" \/>\n<meta name=\"twitter:card\" content=\"summary_large_image\" \/>\n<script type=\"application\/ld+json\" class=\"yoast-schema-graph\">{\"@context\":\"https:\/\/schema.org\",\"@graph\":[{\"@type\":\"WebPage\",\"@id\":\"https:\/\/juliemassage.ch\/\",\"url\":\"https:\/\/juliemassage.ch\/\",\"name\":\"Accueil - JulieMassage\",\"isPartOf\":{\"@id\":\"https:\/\/juliemassage.ch\/#website\"},\"datePublished\":\"2024-02-18T13:17:22+00:00\",\"dateModified\":\"2024-02-18T19:36:12+00:00\",\"breadcrumb\":{\"@id\":\"https:\/\/juliemassage.ch\/#breadcrumb\"},\"inLanguage\":\"fr-FR\",\"potentialAction\":[{\"@type\":\"ReadAction\",\"target\":[\"https:\/\/juliemassage.ch\/\"]}]},{\"@type\":\"BreadcrumbList\",\"@id\":\"https:\/\/juliemassage.ch\/#breadcrumb\",\"itemListElement\":[{\"@type\":\"ListItem\",\"position\":1,\"name\":\"Accueil\",\"item\":\"https:\/\/juliemassage.ch\/\"},{\"@type\":\"ListItem\",\"position\":2,\"name\":\"Accueil\"}]},{\"@type\":\"WebSite\",\"@id\":\"https:\/\/juliemassage.ch\/#website\",\"url\":\"https:\/\/juliemassage.ch\/\",\"name\":\"JulieMassage\",\"description\":\"\",\"potentialAction\":[{\"@type\":\"SearchAction\",\"target\":{\"@type\":\"EntryPoint\",\"urlTemplate\":\"https:\/\/juliemassage.ch\/?s={search_term_string}\"},\"query-input\":\"required name=search_term_string\"}],\"inLanguage\":\"fr-FR\"}]}<\/script>\n<!-- \/ Yoast SEO plugin. -->","yoast_head_json":{"title":"Accueil - JulieMassage","robots":{"index":"index","follow":"follow","max-snippet":"max-snippet:-1","max-image-preview":"max-image-preview:large","max-video-preview":"max-video-preview:-1"},"canonical":"https:\/\/juliemassage.ch\/","og_locale":"fr_FR","og_type":"article","og_title":"Accueil - JulieMassage","og_description":"Bienvenue Je vous accueille sur rendez-vous aux Eaux-vives pour vos s\u00e9ances de massages esth\u00e9tiques. Je vous propose des massages incontournables dans ce domaine : le drainage lymphatique br\u00e9silien Renata Franca, le remodelage ainsi que la Maderoth\u00e9rapie, massage \u00e0 l&rsquo;aide d&rsquo;ustensiles en bois. Julie","og_url":"https:\/\/juliemassage.ch\/","og_site_name":"JulieMassage","article_modified_time":"2024-02-18T19:36:12+00:00","twitter_card":"summary_large_image","schema":{"@context":"https:\/\/schema.org","@graph":[{"@type":"WebPage","@id":"https:\/\/juliemassage.ch\/","url":"https:\/\/juliemassage.ch\/","name":"Accueil - JulieMassage","isPartOf":{"@id":"https:\/\/juliemassage.ch\/#website"},"datePublished":"2024-02-18T13:17:22+00:00","dateModified":"2024-02-18T19:36:12+00:00","breadcrumb":{"@id":"https:\/\/juliemassage.ch\/#breadcrumb"},"inLanguage":"fr-FR","potentialAction":[{"@type":"ReadAction","target":["https:\/\/juliemassage.ch\/"]}]},{"@type":"BreadcrumbList","@id":"https:\/\/juliemassage.ch\/#breadcrumb","itemListElement":[{"@type":"ListItem","position":1,"name":"Accueil","item":"https:\/\/juliemassage.ch\/"},{"@type":"ListItem","position":2,"name":"Accueil"}]},{"@type":"WebSite","@id":"https:\/\/juliemassage.ch\/#website","url":"https:\/\/juliemassage.ch\/","name":"JulieMassage","description":"","potentialAction":[{"@type":"SearchAction","target":{"@type":"EntryPoint","urlTemplate":"https:\/\/juliemassage.ch\/?s={search_term_string}"},"query-input":"required name=search_term_string"}],"inLanguage":"fr-FR"}]}},"_links":{"self":[{"href":"https:\/\/juliemassage.ch\/index.php\/wp-json\/wp\/v2\/pages\/2","targetHints":{"allow":["GET"]}}],"collection":[{"href":"https:\/\/juliemassage.ch\/index.php\/wp-json\/wp\/v2\/pages"}],"about":[{"href":"https:\/\/juliemassage.ch\/index.php\/wp-json\/wp\/v2\/types\/page"}],"author":[{"embeddable":true,"href":"https:\/\/juliemassage.ch\/index.php\/wp-json\/wp\/v2\/users\/1"}],"replies":[{"embeddable":true,"href":"https:\/\/juliemassage.ch\/index.php\/wp-json\/wp\/v2\/comments?post=2"}],"version-history":[{"count":3,"href":"https:\/\/juliemassage.ch\/index.php\/wp-json\/wp\/v2\/pages\/2\/revisions"}],"predecessor-version":[{"id":83,"href":"https:\/\/juliemassage.ch\/index.php\/wp-json\/wp\/v2\/pages\/2\/revisions\/83"}],"wp:attachment":[{"href":"https:\/\/juliemassage.ch\/index.php\/wp-json\/wp\/v2\/media?parent=2"}],"curies":[{"name":"wp","href":"https:\/\/api.w.org\/{rel}","templated":true}]}}